 divided by 16?
13
What is the remainder when 4053 is divided by 193?
0
What is the remainder when 636 is divided by 40?
36
Calculate the remainder when 77 is divided by 16.
13
What is the remainder when 861 is divided by 302?
257
What is the remainder when 398 is divided by 128?
14
What is the remainder when 6832 is divided by 2274?
10
Calculate the remainder when 4708 is divided by 2352.
4
What is the remainder when 334 is divided by 33?
4
Calculate the remainder when 388 is divided by 381.
7
Calculate the remainder when 1572 is divided by 143.
142
What is the remainder when 288 is divided by 27?
18
What is the remainder when 1007 is divided by 46?
41
Calculate the remainder when 233 is divided by 227.
6
Calculate the remainder when 1131 is divided by 54.
51
What is the remainder when 23 is divided by 13?
10
What is the remainder when 55 is divided by 17?
4
What is the remainder when 781 is divided by 130?
1
Calculate the remainder when 373 is divided by 105.
58
Calculate the remainder when 421 is divided by 47.
45
Calculate the remainder when 480 is divided by 15.
0
What is the remainder when 1298 is divided by 21?
17
What is the remainder when 889 is divided by 225?
214
Calculate the remainder when 124 is divided by 62.
0
What is the remainder when 963 is divided by 88?
83
What is the remainder when 1543 is divided by 50?
43
Calculate the remainder when 1278 is divided by 406.
60
What is the remainder when 8 is divided by 7?
1
Calculate the remainder when 1634 is divided by 20.
14
Calculate the remainder when 42 is divided by 16.
10
What is the remainder when 56 is divided by 10?
6
Calculate the remainder when 148 is divided by 40.
28
What is the remainder when 290 is divided by 30?
20
What is the remainder when 2438 is divided by 61?
59
Calculate the remainder when 431 is divided by 215.
1
Calculate the remainder when 3087 is divided by 616.
7
What is the remainder when 478 is divided by 189?
100
What is the remainder when 9050 is divided by 821?
19
Calculate the remainder when 878 is divided by 20.
18
What is the remainder when 769 is divided by 10?
9
What is the remainder when 860 is divided by 245?
125
What is the remainder when 90 is divided by 3?
0
What is the remainder when 1373 is divided by 115?
108
What is the remainder when 7629 is divided by 12?
9
What is the remainder when 47 is divided by 11?
3
What is the remainder when 80 is divided by 12?
8
What is the remainder when 1482 is divided by 124?
118
Calculate the remainder when 48 is divided by 11.
4
Calculate the remainder when 8639 is divided by 64.
63
What is the remainder when 835 is divided by 29?
23
Calculate the remainder when 316 is divided by 106.
104
What is the remainder when 501 is divided by 21?
18
Calculate the remainder when 942 is divided by 15.
12
What is the remainder when 189 is divided by 48?
45
Calculate the remainder when 47 is divided by 22.
3
Calculate the remainder when 380 is divided by 57.
38
What is the remainder when 138 is divided by 77?
61
What is the remainder when 174 is divided by 60?
54
What is the remainder when 1695 is divided by 790?
115
Calculate the remainder when 287 is divided by 80.
47
What is the remainder when 760 is divided by 38?
0
What is the remainder when 324 is divided by 123?
78
Calculate the remainder when 1024 is divided by 220.
144
What is the remainder when 197 is divided by 58?
23
Calculate the remainder when 362 is divided by 13.
11
What is the remainder when 424 is divided by 56?
32
What is the remainder when 27 is divided by 12?
3
What is the remainder when 39 is divided by 22?
17
Calculate the remainder when 1105 is divided by 215.
30
What is the remainder when 1449 is divided by 58?
57
What is the remainder when 7433 is divided by 20?
13
What is the remainder when 158 is divided by 59?
40
What is the remainder when 1103 is divided by 48?
47
What is the remainder when 535 is divided by 187?
161
Calculate the remainder when 2158 is divided by 8.
6
Calculate the remainder when 777 is divided by 12.
9
Calculate the remainder when 325 is divided by 101.
22
What is the remainder when 890 is divided by 318?
254
Calculate the remainder when 208 is divided by 33.
10
What is the remainder when 233 is divided by 102?
29
Calculate the remainder when 476 is divided by 40.
36
Calculate the remainder when 712 is divided by 21.
19
What is the remainder when 1687 is divided by 94?
89
Calculate the remainder when 7825 is divided by 76.
73
What is the remainder when 374 is divided by 113?
35
Calculate the remainder when 545 is divided by 26.
25
Calculate the remainder when 12419 is divided by 18.
17
Calculate the remainder when 9949 is divided by 12.
1
Calculate the remainder when 24 is divided by 17.
7
Calculate the remainder when 208 is divided by 15.
13
What is the remainder when 1775 is divided by 26?
7
Calculate the remainder when 200 is divided by 5.
0
Calculate the remainder when 506 is divided by 15.
11
What is the remainder when 395 is divided by 33?
32
What is the remainder when 3293 is divided by 103?
100
Calculate the remainder when 696 is divided by 44.
36
What is the remainder when 167 is divided by 58?
51
Calculate the remainder when 554 is divided by 62.
58
Calculate the remainder when 999 is divided by 143.
141
What is the remainder when 1173 is divided by 56?
53
What is the remainder when 150 is divided by 17?
14
What is the remainder when 160 is divided by 42?
34
What is the remainder when 110 is divided by 28?
26
Calculate the remainder when 476 is divided by 78.
8
What is the remainder when 97 is divided by 25?
22
What is the remainder when 1353 is divided by 49?
30
What is the remainder when 138 is divided by 131?
7
Calculate the remainder when 144 is divided by 43.
15
Calculate the remainder when 405 is divided by 145.
115
What is the remainder when 1646 is divided by 8?
6
Calculate the remainder when 319 is divided by 36.
31
What is the remainder when 88 is divided by 40?
8
What is the remainder when 217 is divided by 20?
17
What is the remainder when 17576 is divided by 27?
26
What is the remainder when 869 is divided by 16?
5
What is the remainder when 1047 is divided by 96?
87
What is the remainder when 235 is divided by 26?
1
Calculate the remainder when 676 is divided by 21.
4
What is the remainder when 591 is divided by 6?
3
What is the remainder when 1959 is divided by 395?
379
Calculate the remainder when 3416 is divided by 15.
11
What is the remainder when 1786 is divided by 890?
6
What is the remainder when 107 is divided by 9?
8
Calculate the remainder when 262 is divided by 121.
20
Calculate the remainder when 48 is divided by 34.
14
What is the remainder when 173 is divided by 45?
38
Calculate the remainder when 5086 is divided by 12.
10
Calculate the remainder when 98 is divided by 15.
8
What is the remainder when 742 is divided by 95?
77
What is the remainder when 6018 is divided by 251?
245
Calculate the remainder when 210 is divided by 99.
12
Calculate the remainder when 216 is divided by 72.
0
Calculate the remainder when 668 is divided by 38.
22
What is the remainder when 168 is divided by 53?
9
What is the remainder when 1164 is divided by 11?
9
Calculate the remainder when 63 is divided by 15.
3
What is the remainder when 97 is divided by 14?
13
What is the remainder when 570 is divided by 20?
10
What is the remainder when 127 is divided by 36?
19
Calculate the remainder when 620 is divided by 158.
146
Calculate the remainder when 417 is divided by 9.
3
What is the remainder when 464 is divided by 117?
113
What is the remainder when 85 is divided by 47?
38
Calculate the remainder when 414 is divided by 15.
9
Calculate the remainder when 1615 is divided by 16.
15
Calculate the remainder when 151 is divided by 76.
75
Calculate the remainder when 160 is divided by 56.
48
Calculate the remainder when 402 is divided by 68.
62
Calculate the remainder when 62 is divided by 39.
23
Calculate the remainder when 127 is divided by 62.
3
Calculate the remainder when 1211 is divided by 237.
26
What is the remainder when 35 is divided by 21?
14
Calculate the remainder when 555 is divided by 74.
37
What is the remainder when 629 is divided by 314?
1
Calculate the remainder when 229 is divided by 72.
13